on factor of q and s?
3
Let b(s) = -2*s - 4. Let l be b(-4). Suppose l*j - 7 + 3 = 0. Suppose -25 = -28*g + 115. Calculate the highest common divisor of g and j.
1
Let t(j) = 12*j - 4. Let f be t(5). Suppose 4*m - 40 = -m. What is the greatest common factor of f and m?
8
Let x = 84 - 29. Calculate the highest common divisor of x and 11.
11
Let u = -118 + 188. What is the greatest common divisor of 14 and u?
14
Let l(s) = 3 + 0 - 49*s + 50*s. Suppose -12 = -2*m - 4*z + 4, 3*z = -4*m + 27. Let o be l(m). What is the highest common divisor of 9 and o?
9
Let m = -6 - -7. Suppose 2*q - 3*z + 219 = 0, 5 + m = -2*z. Let r be (-2)/7 - q/7. What is the highest common divisor of 80 and r?
16
Let k(a) = 4*a**2 - 2*a - 1. Let h be k(-1). Let v(u) = -4*u - 5 + h. Let n be v(-7). What is the greatest common divisor of n and 4?
4
Let u be 8/20 + 23/5. What is the greatest common factor of 40 and u?
5
Let q = 0 + -8. Let m(l) = -2*l - 10. Let k be m(q). What is the highest common divisor of k and 6?
6
Let w be ((-2)/6 - -1) + 75/9. Calculate the highest common divisor of w and 63.
9
Let i be (324/15)/((-6)/(-15)). Calculate the highest common divisor of 135 and i.
27
Suppose -4*g + 0*g = -12. Let a = g - 1. Suppose a*m - 62 = -4*k, -5*m - 1 = -4*k + 2*k. What is the highest common factor of 52 and k?
13
Let o = 86 + -173. Let k = -47 - o. Suppose -6*d + k = -d. Calculate the highest common factor of 32 and d.
8
Let l(d) = 85*d**2 - d. Let m be l(-1). Suppose 2*j = 2*a - m, -3*a = -2*a - 4*j - 52. What is the highest common factor of a and 16?
8
Suppose -61 - 59 = -2*i. Suppose -i = -6*b + 3*b. Suppose 5 = -3*a + b. What is the highest common divisor of a and 1?
1
Let w be (-5 - -4)/(2/(-148)). Let r = 154 - w. Calculate the highest common divisor of r and 16.
16
Suppose 4*i = -2*r + 56, -24 = -r - 0*i - i. Calculate the greatest common divisor of 180 and r.
20
Suppose t + 30 = 4*t. Suppose -3*u = -8*u + 250. Suppose 0 = 2*m - 7*m + u. Calculate the greatest common factor of t and m.
10
Suppose -2*m - q = m - 129, 5*q + 103 = 2*m. What is the greatest common factor of m and 44?
44
Let q be 14/2*1 - 2. Suppose -4131 - 1259 = q*v. Let y be v/(-10) - (-3)/15. Calculate the greatest common divisor of y and 12.
12
Let x(o) = o**3 - 6*o**2 + 7*o - 6. Let d be x(5). Suppose 0 = -3*c + 4*c - 40. Suppose i - c = -i. What is the highest common factor of d and i?
4
Let n = 56 + -53. What is the greatest common divisor of n and 39?
3
Let k(b) = b**2 - 4*b - 8. Let l(r) = r. Let h(m) = -k(m) + l(m). Let j be h(6). Calculate the greatest common divisor of 8 and j.
2
Suppose 3*y - 4*y = -64. Suppose o - y = -o. What is the greatest common factor of 8 and o?
8
Let v = -13 - -21. Calculate the greatest common divisor of 12 and v.
4
Suppose -53 = -5*o + l, -4*o + 3*l - 2*l + 42 = 0. Let q(m) = 11*m**2 + m + 1. Let u be q(-1). Calculate the greatest common divisor of u and o.
11
Let i = 63 - -17. Let s = -6 - -3. Let d be s/15 + 81/5. Calculate the greatest common divisor of d and i.
16
Let s(l) = 21*l - 6. Let w be s(5). Suppose y = -2*b + 1, 3*b = y + b - 17. Calculate the highest common factor of w and y.
9
Let w(q) = q**2 - 2*q + 5. Let h be w(5). Suppose -j - 12 = -5*j. Suppose -j*k = 9, 2*k + 2 = -2*o - 2*k. What is the highest common divisor of o and h?
5
Suppose 7 = 3*j - 2. Suppose -w + 28 = f, 7 = f + j*w - 29. Calculate the highest common divisor of 36 and f.
12
Let z(p) = -p**2 - 2. Let d be z(0). Let n be d/(-6) + 52/6. Suppose 3*w - 12 = 5*i, -3*w - 2*i + 21 = -4*i. What is the highest common divisor of w and n?
9
Let v(w) = -1. Let d(g) = -3*g + 10. Let s(a) = -d(a) - 2*v(a). Let l be s(6). Calculate the greatest common divisor of l and 15.
5
Suppose -5*l = 57 + 18. Let s be l - ((0 - -1) + -1). Let k be 4/(-10) + (-81)/s. Calculate the greatest common factor of k and 25.
5
Let q = 35 - -13. Calculate the highest common factor of q and 6.
6
Let v = 141 + -128. What is the highest common factor of 117 and v?
13
Let z(y) = y**2 - 7*y + 7. Let u be z(7). What is the greatest common divisor of u and 35?
7
Suppose 2*j - 3*n - 20 = 0, -2*j + j - 12 = 4*n. Suppose 6*t - 2*t - 32 = -4*b, -b = -j*t + 57. What is the highest common factor of 104 and t?
13
Suppose -i = 5*p + 5 - 23, p + 3 = 2*i. Calculate the greatest common divisor of p and 9.
3
Let f = 7 - 7. Suppose -b + 117 = -f*b. What is the greatest common factor of b and 13?
13
Let y(g) = g**2 - 5*g - 4. Let i be y(10). Suppose -i = -3*f - 2*n + 7*n, 3*n - 42 = -4*f. Calculate the highest common divisor of 36 and f.
12
Suppose 6 = -d + 2*d. Let f = -3 + d. Let i be (1/f)/(1/21). Calculate the highest common factor of 7 and i.
7
Let p(h) = -10*h - 22. Let c be p(-11). What is the highest common divisor of c and 8?
8
Suppose 2*b = w - 3*b - 16, -2*w + b - 4 = 0. Let o = w + 16. Let s be 7270/55 + (-4)/22. What is the greatest common divisor of s and o?
12
Suppose 0 = -5*g + u + 23, -6 - 1 = -3*g + 4*u. Suppose 80 = -0*d + g*d. Calculate the highest common divisor of 32 and d.
16
Suppose -13*g + 64 + 27 = 0. Calculate the highest common divisor of g and 7.
7
Let h(j) = 13*j**2 + 9*j + 15. Let v be h(-2). Calculate the highest common factor of 49 and v.
49
Suppose -40 = -2*t - 2*t. What is the highest common divisor of 30 and t?
10
Suppose 2*p + 24 = 6*p. Let z be (-10)/(0 - 1) - -2. Calculate the highest common factor of p and z.
6
Suppose -l + 241 = 65. Suppose -3*o + 0*o + 10 = -u, -12 = 3*u - 3*o. Let a be 1/(u - (-17)/16). What is the greatest common factor of l and a?
16
Suppose -29*a + 27*a = -200. Calculate the highest common divisor of 4 and a.
4
Suppose -s = 3*w + 2, 3*w + 4 + 8 = 0. Calculate the greatest common divisor of s and 10.
10
Suppose 6*w = 2*w + 32. Let t be (-4)/w + (-42)/(-4). Let r be 1*1/(2/20). Calculate the highest common factor of t and r.
10
Let n(v) = -v**3 - 11*v**2 + 10*v + 3. Let w be n(-12). What is the highest common factor of 3 and w?
3
Let l be (110/25 - 4) + 13/5. Let g(f) = -f**2 + 3*f + 2. Let u be g(3). Calculate the highest common divisor of u and l.
1
Let t = 44 - 29. Calculate the highest common factor of 135 and t.
15
Let q(k) = -9*k + 5. Let t be q(-3). Calculate the highest common divisor of t and 48.
16
Suppose 4*z = -0*n + 4*n + 64, 2*z + n = 17. Let h = z - -22. Let k(m) = -4*m**3 - 4*m**2 - 3*m. Let c be k(-2). What is the highest common divisor of c and h?
11
Let u = -1 - -5. Let w = 2 + u. Let d be -5*(-2 + (-1 - 0)). What is the highest common factor of d and w?
3
Suppose -17 = -2*d - 5*a, d + 2*a = 5*a - 8. What is the highest common divisor of 1 and d?
1
Suppose 3*r = 5*b + 43, 0 = 2*r - 5*b - 41 + 9. What is the greatest common factor of 44 and r?
11
Let s be ((-17)/2 - 0)*-2. Let t = 53 - 36. Calculate the greatest common factor of t and s.
17
Suppose 0 = 3*d - 11 - 19. What is the highest common factor of d and 50?
10
Let h(z) = z**2 - 10*z + 11. Let s be 4/(-18) - 83/(-9). Let j be h(s). What is the greatest common divisor of 2 and j?
2
Let k(a) = -1. Let t(f) = -9*f + 15. Let c(g) = -12*k(g) - t(g). Let y be c(2). What is the greatest common factor of 10 and y?
5
Suppose -5*t + x - 22 = 10, 0 = 5*t - 2*x + 29. Let d = t - -22. What is the greatest common divisor of d and 45?
15
Let w = 57 + -31. Suppose 10*d - 13*d = -195. Calculate the greatest common factor of d and w.
13
Suppose 3*i - 480 = -3*i. Calculate the greatest common divisor of i and 16.
16
Suppose 5*q = -6 + 96. Let r = -416 + 614. What is the greatest common divisor of q and r?
18
Let q be 1 - (2 - -1) - -4. Let b = 0 + 4. Calculate the highest common divisor of b and q.
2
Suppose 3*h + 49 = 4*w, -3*w = 2*h + 13 - 71. Calculate the highest common divisor of 40 and w.
8
Let a(b) = -b**3 - b + 232. Let t be a(0). Suppose 4*g = 2*z - t, -2*g = -z + g + 119. Calculate the highest common factor of 10 and z.
10
Suppose -4*k + 33 = s, 60 = -k + 6*k + 5*s. Calculate the greatest common divisor of 56 and k.
7
Let y(a) = -11*a - 3. Let h be y(-3). What is the greatest common divisor of h and 10?
10
Let j be 0/(3 + 12/(-3)). Suppose 358 = d + 4*d + 2*m, j = -d + 4*m + 76. Calculate the greatest common factor of 9 and d.
9
Let k(z) = 2*z**2 + 19*z - 21. Let h be k(-13). Calculate the highest common divis